it of p(6)?
1
Let p(d) = 4*d - 13. Let r be p(9). Suppose -2*t = h - 0*h - r, -4*h + 1 = t. Suppose a = -0*a + t. What is the units digit of a?
3
Let z be (2/3)/((-6)/(-9)). Let w(m) = -m**3 + 2*m**2 + m - 1. What is the units digit of w(z)?
1
Suppose -2*b + 4 = -0*b. Suppose 5*f - 2*f - 6 = -3*q, -b*f - 5*q = 8. What is the units digit of f?
6
What is the units digit of 3/9 - (-1288)/24?
4
Let s be ((-26)/(-3) - -2)*6/2. Suppose -4*c + 7 = -1. What is the units digit of s/(-6)*(-3)/c?
8
Let j = -5 - -9. Suppose 5 = j*y - 3. What is the units digit of (3 - -1) + 2/y?
5
Let f(q) be the second derivative of q**4/12 - 2*q**3 + 5*q**2/2 + 3*q. Let g be f(11). Let i(v) = -v**3 - 5*v**2 + 4*v + 7. What is the units digit of i(g)?
9
Let c(i) be the second derivative of i**3/6 - 3*i**2 - 3*i. What is the units digit of c(7)?
1
Suppose 2*m + 12 = 5*m. What is the units digit of (2/m)/(1/24)?
2
Let n(x) = 12*x**3 - 7*x**2 - 8. Let b(k) = -k**3 + k**2 + 1. Let h(r) = 6*b(r) + n(r). What is the tens digit of h(2)?
4
Let y = -65 - -157. What is the units digit of y?
2
Let d(l) be the first derivative of l**3/3 - 3*l**2/2 + 4*l + 1. What is the tens digit of d(5)?
1
Let a = -12 - -35. What is the tens digit of a?
2
Let j(p) = -52*p**3 - p**2 - p + 1. What is the tens digit of j(-1)?
5
Let q be (-1)/((-2)/(-4)) + 5. Suppose -q*m - 3 + 42 = 0. What is the tens digit of m?
1
Suppose -11*w = -12*w + 74. What is the units digit of w?
4
Let y be 3/6*4 - -1. Suppose 8*n = y*n + 35. Suppose -2*u + 4*m = -n*u + 28, 3*u + 3*m = 15. What is the units digit of u?
8
Let h(l) = l + 6. Let c(s) = -3*s - 19. Let b(f) = 6*c(f) + 21*h(f). What is the tens digit of b(9)?
3
Let t = -30 + 4. Let p = t - -57. What is the units digit of p?
1
Let h be 377/5 - 9/(-15). Suppose 2*v = -2*k - 3*k + 81, -4*k = 2*v - h. What is the units digit of v?
8
Let k(i) = -i - 11. Let d be k(-13). What is the tens digit of -1 - (-1 - (d - -28))?
3
Let x(p) be the second derivative of p**4/12 - 7*p**3/6 + p**2/2 + p. Let k be x(-5). Suppose 14 = 5*w - k. What is the tens digit of w?
1
Suppose j - 2*j = 5*l - 7, 3*l = -3*j - 39. Let a = j - -21. What is the units digit of a?
3
Suppose -3*c + 6*c - 9 = 0. Let b = 5 - c. What is the units digit of b?
2
Suppose 0 = 4*j - 58 - 38. What is the units digit of j?
4
Let u be 21/12 - (-2)/8. Suppose g - 4*d - 67 = -4*g, -3*g - u*d = -27. What is the units digit of g?
1
Let j(g) = g**2 + g + 21. What is the units digit of j(-9)?
3
Suppose 3*x - 486 = -m, m + 155 = x - m. Suppose k + x = 6*k + 3*b, -2*b - 120 = -4*k. What is the tens digit of k?
3
Suppose -4*i - j + 209 = 0, -5*i = -0*j + 3*j - 263. What is the tens digit of i?
5
Suppose -a - 24 = 3*a. Let p be 23/a + 5/(-30). What is the units digit of p*((-12)/3)/2?
8
Suppose 0 = s + s - 5*f - 10, 4 = -s - 2*f. Suppose -5*n + 2*y + 134 = s, n - 3*y + y = 30. What is the tens digit of n?
2
Let t(m) = -21*m. Let j be t(2). Let i = j + 60. What is the units digit of i?
8
Let n(j) = 219*j**2 + 4*j + 3. What is the hundreds digit of n(-1)?
2
What is the tens digit of 35805/135 - 2/9?
6
Let p = 12 - 40. What is the units digit of (0 + 7)*(-24)/p?
6
Let j = -15 + 11. Let y = j + 5. What is the units digit of y?
1
Let f be 2/9 + (-200)/(-72). Suppose 0 = -0*h - 3*h + f. Suppose -5*j - 4 + 3 = -2*q, 0 = -2*j + q - h. What is the units digit of j?
1
Let c be 3/(-4) + 1155/20. Let k = c - 38. What is the units digit of k?
9
Let m(s) be the first derivative of s**2/2 + s + 2. Let j be m(4). Suppose -4*b = -a - 7*b + 10, -j*b = -2*a - 2. What is the units digit of a?
4
Suppose 0 = -0*y + 2*y - 3*u - 144, 5*y - 3*u - 342 = 0. What is the units digit of y?
6
Let k(n) = -7*n**2 - 3*n + 5. Let r(t) = -10*t**2 - 4*t + 8. Let y = -2 + 9. Let g(z) = y*k(z) - 5*r(z). What is the units digit of g(4)?
7
Let r(t) = -1. Let w(m) = -3*m - 5. Let n(u) = 6*r(u) + w(u). Let g be n(-10). Let p = 31 - g. What is the units digit of p?
2
What is the tens digit of 124/7 + (-4)/(-14)?
1
Let n = -5 - -8. Let y(f) = n - 5*f + 4*f + 0*f. What is the units digit of y(0)?
3
Suppose b - 18 = -2*b. Let s(h) be the third derivative of h**4/24 - 4*h**2. What is the units digit of s(b)?
6
Suppose 0*k + 4 = -k, -4*k = 4*r + 4. What is the units digit of (-1 - -3)*27/r?
8
Suppose 0 = 5*v - 0*v. Suppose -r - 13 = -5*w, 0*r - 10 = -2*w + 2*r. Suppose 0 = -w*k - v*k + 6. What is the units digit of k?
3
Let g = -45 - -69. What is the units digit of g?
4
Suppose -4*v = 2*l - 2, -v - 14 = -4*l + v. Suppose -3*p - l = -5*t, 22 = 4*p - 3*t + 5*t. What is the units digit of (2/p)/(1/12)?
6
What is the tens digit of 93/(1 + (-3 - -3))?
9
Let z(g) = -57*g. What is the units digit of z(-2)?
4
Let y(w) = 2*w**2 - 4*w + 5. What is the tens digit of y(4)?
2
Suppose -s + 32 = v, s - 2*v - 2 = 30. Let g = -78 - -114. Suppose 5*k - 3*o = -o + s, -g = -2*k - 5*o. What is the units digit of k?
8
Suppose -12*d + 35 = -17*d. What is the units digit of (-65)/d + 22/(-77)?
9
Let b = -59 + 83. Suppose 0 = -2*q - q + 66. Suppose 3*i = 3*x - b, 0*x + q = 2*x - 4*i. What is the units digit of x?
5
Suppose 14*t - 3*t = 3014. What is the hundreds digit of t?
2
Let b(y) = -y - 2. Let l be b(-6). Suppose -i + l*s - 8 + 40 = 0, -3*i + 31 = s. What is the units digit of i?
2
Let z = 261 + -146. What is the units digit of z?
5
Suppose -5*s + 20 = -5*y, s = -5*y + 9 + 7. Suppose -3*o + 10 = -5*o. Let c = s + o. What is the units digit of c?
1
Let h(l) = l**3 + 9*l**2 - 7*l + 9. What is the units digit of h(-7)?
6
Let r(g) = -g**2 - 7*g + 6. Let f be r(-7). Suppose -m - u + 2 = 2*u, -4*u = -3*m + f. Suppose y + m*y - 3 = 0. What is the units digit of y?
1
Let a = 53 + -21. What is the tens digit of a?
3
Suppose 0 = -2*d + 3*d - 4*t + 81, -4*t - 243 = 3*d. Let r = -58 - d. What is the units digit of r?
3
What is the units digit of (2 + 8)*24/15?
6
What is the units digit of 5*3*(-56)/(-21)?
0
What is the units digit of (-2 - (-50)/15)*120?
0
What is the units digit of 1/2*(0 - -30)?
5
Suppose 0 = -0*w + w - 1. Let t be (w + 2)*(44 - 2). What is the units digit of (2/(-3))/((-12)/t)?
7
Let o(j) = -2*j + 2. Let l(r) = -4*r + 4. Let d(v) = -3*l(v) + 7*o(v). Let u be ((-7)/(-2))/((-1)/2). What is the tens digit of d(u)?
1
Let a = 20 - 28. Suppose 2*p + 145 = -0*z - z, -3*p = 4*z + 210. What is the units digit of (-1)/4 + p/a?
9
Let i = -13 - -21. Suppose q + i = -3*q, q = 2*h - 44. What is the tens digit of h?
2
Let g be (6 - 15/10)/((-2)/(-4)). Let u(i) = -i**3 + 7*i**2 + i + 10. Let m be u(7). Let y = m - g. What is the units digit of y?
8
Let d = 5 + -3. Suppose -k = -4, d*i + 2*i - 24 = -3*k. Suppose 0 = 5*a - 5*n - i - 2, -4*a + 19 = -n. What is the units digit of a?
6
What is the units digit of 34 + 4 + (1 - 2)?
7
Let r = 315 - 196. What is the tens digit of r?
1
Let q = -17 + 49. What is the units digit of q?
2
Let n(t) = -t**2 - 7*t - 7. Let c be n(-5). Suppose 3*l - 2*b - 5 = 34, 39 = c*l + 5*b. What is the units digit of l?
3
Suppose 0*c - c + 3 = 0. Suppose 0 = 3*r - 4*m - 37, -c*m + 2 - 5 = 0. What is the tens digit of r?
1
Suppose -x + 0*x + 3*p + 13 = 0, 5*x + 4*p + 11 = 0. What is the tens digit of (5/1)/(x/2)?
1
Suppose 5*j = -4*o + 24, 0 = -2*j - 2*j - 2*o + 18. What is the tens digit of (-1)/j + 202/8?
2
Suppose 4*b = -3*a + 92, 3*a - 37 = -5*b + 81. Suppose 0 = 2*x - 2 - 0. What is the units digit of (-2)/(b/(-22) + x)?
1
Let r(l) = 13*l + 3. What is the units digit of r(4)?
5
Let r = -7 + 12. Suppose -z + 5*z - 3*b = 36, r*z - 46 = 4*b. What is the units digit of z?
6
Let i(h) = h**3 + 8*h**2 + 8*h + 10. Let z be i(-7). Suppose -11 + z = -y. What is the units digit of y?
8
Suppose 4 = 4*c - 20. Suppose -2*k + 25 = -7*k, -d + 5*k + 29 = 0. Let j = c - d. What is the units digit of j?
2
Let q = -8 - -15. Let w(f) = f**2 - 7*f + 4. Let g be w(q). Let k = 5 - g. What is the units digit of k?
1
Let v be 0/(-1*(1 + -3)). Suppose 0 = -v*z - 4*z - 4. Let d = 2 - z. What is the units digit of d?
3
Suppose -3*o + 13 = 2*x, -24 = -3*o - 2*o - x. Suppose 0 = -o*s - 4*q + 9 + 13, -4*s - 5*q = -14. What is the units digit of s?
6
What is the hundreds digit of (4725/(-4))/(-9) + (-6)/(-8)?
1
What is the units digit of (-3)/1 + -237*1/(-3)?
6
Let s be 6/4 + (-94)/(-4). What is the tens